= 3*b + b**2 - 19 + 5 + 17 + 14. Suppose 16 = -3*c + c. Let j be z(c). Calculate the highest common factor of j and 38.
19
Let z be (-4)/(-12) + (-3)/(-18)*526. Let r = -902 - -910. What is the highest common factor of z and r?
8
Suppose -15*i + 12*i = 5*f + 3, -i + 5*f + 19 = 0. Suppose 0 = -t - 0*t + 3*h + 544, 3*h - 2176 = -i*t. What is the greatest common divisor of 34 and t?
34
Let d be 1*(5082/7)/(-6)*(-2)/2. What is the greatest common factor of d and 1650?
11
Let b = -23051 - -23069. What is the highest common divisor of b and 10614?
6
Let p(t) = -t + 35. Let c be p(9). Let b(s) = s**3 + s**2 - 7*s - 8. Let l be b(-2). Calculate the greatest common divisor of c and l.
2
Let l be ((4 - 6)/4)/(27/(-3186)). Calculate the highest common divisor of l and 177.
59
Suppose 4*o = -3*o + 3*o. Suppose 4*m + 4*b - 8 = 56, o = 4*m + b - 67. Calculate the greatest common factor of 51 and m.
17
Let p = -335 + 370. Let x(m) = m**2 - 33*m + 65. Let v be x(p). What is the highest common divisor of 60 and v?
15
Let a(t) = -2*t + 33. Let k(l) = -4*l + 33. Let z(p) = 5*a(p) - 4*k(p). Let u be z(-3). Calculate the greatest common factor of 25 and u.
5
Suppose -128*z = -3916 - 1292 + 600. Suppose 314 = -5*i - 11. Let x = i + 119. Calculate the highest common divisor of x and z.
18
Let s = -18 + 53. Let i(p) = -p**3 + 15*p**2 - 11*p - 37. Let c = 57 - 43. Let o be i(c). Calculate the highest common divisor of o and s.
5
Suppose -2*y - 561 = 2*v - 841, -3*y - 2*v = -420. What is the greatest common divisor of 952 and y?
28
Let f(g) = 4*g**3 - 34*g**2 + 21*g - 10. Let s be f(8). Let q be (-4864)/(-18) - s/135. Calculate the highest common factor of 10 and q.
10
Suppose 4364 = 3*g - a, -17*a + 20*a = 3*g - 4356. Let v be ((-72)/(-14))/(156/g). What is the highest common divisor of 48 and v?
48
Let p(t) = 165*t - 1694. Let n be p(15). What is the highest common divisor of 11 and n?
11
Let v(f) = -92*f**3 + 32*f + 25. Let g be v(-4). What is the greatest common divisor of 178 and g?
89
Let w = 11 - 11. Suppose 2*p + 4 = w, -5*p - 176 = -2*x - p. Let l(u) = -17*u + 148. Let j be l(8). Calculate the greatest common divisor of j and x.
12
Suppose 0 = 8*f - 3*f - 3*o - 45, -2*f + 9 = -3*o. Suppose -3*b - 2*n + 992 = 0, -f*b + 9*b - 5*n = -1004. Calculate the greatest common factor of b and 8.
8
Suppose -122*f - 1174 = -3*d - 120*f, 4*d - 4*f = 1564. Suppose -4*i + 3*s = -199, 6*s + 54 = i + s. What is the greatest common divisor of d and i?
49
Let o be (-1)/2*(4 - 100/10). Let q be (-26)/(o*7/(-105)). Calculate the greatest common divisor of 40 and q.
10
Let l be (40/6 - 1)*(-20 + (0 - -62)). Calculate the highest common factor of l and 5746.
34
Suppose 5*b - 1046 = -z, -2*b + 48*z - 51*z = -408. What is the highest common factor of 2910 and b?
30
Let k(y) = -69*y + 37. Let v be k(-6). Let t(s) = s + 83. Let o be t(-1). Calculate the greatest common divisor of o and v.
41
Let c = 4788 - 4484. What is the highest common factor of c and 190?
38
Let v = -257 - -404. Let t(n) = n**3 - 8*n**2 + 33*n - 182. Let x be t(9). Calculate the highest common divisor of v and x.
49
Let a(v) = -v**2 + 17. Let z be a(0). Suppose 0 = z*f - 7*f - 40. Calculate the greatest common factor of f and 22.
2
Suppose -4*z + 6288 = 2*z. Let s = z - 573. What is the highest common factor of s and 19?
19
Let m be (-42160)/(-6120) + 5/45. Let s be -6*-2*(-7)/3. Let k be 8/s + 51/7. Calculate the highest common divisor of m and k.
7
Let v be (-2 + 1)*0 + 88. Let s be 19 + 9 + (3 - 4). Suppose 0 = 2*t + s - 71. Calculate the greatest common divisor of v and t.
22
Suppose -19*p = 38 - 380. Let k = -5 - -54. Let z = 113 + k. What is the greatest common factor of p and z?
18
Let f(x) = 219*x**2 + 29*x - 35. Let i be f(1). Calculate the greatest common divisor of i and 28329.
213
Let y be (-2)/(-4) - (9399/6)/(-13). Let k = -95 + y. Suppose 11*b = 15*b - 364. Calculate the greatest common factor of b and k.
13
Let x(i) = 2*i**3 - 9*i**2 + 24*i - 302. Let z be x(13). Calculate the highest common factor of z and 837.
93
Let i = -32 + 68. Suppose -4 - i = -w. Suppose 5*f = 3*f + w. Calculate the greatest common divisor of f and 4.
4
Suppose -j + 94 + 283 = 0. Let d(z) = 3*z**2 - 83*z - 247. Let q be d(-3). What is the greatest common factor of j and q?
29
Let u be (-200)/(-450)*18/16*(1 - -939). What is the greatest common factor of 1692 and u?
94
Let w be (7/(-35))/((-19)/(-475)) - (-181 - 1). Calculate the highest common divisor of 2419 and w.
59
Let i be 12/(-27) + (-183188)/(-369). What is the greatest common factor of i and 328?
8
Let o = -1327 + 947. Let d = -374 - o. Let i be 33/((-10)/(-4) + -2). What is the greatest common factor of i and d?
6
Let x be (-19 + -24)/(-8 - -7). Calculate the highest common divisor of 4859 and x.
43
Let g(q) = -20*q - 2*q**3 - q**3 + 17*q**2 + 4*q**3 + 12*q + 6*q + 1. Let y be g(-17). Let v be 245 - (-2)/6*0. What is the greatest common factor of y and v?
35
Suppose -85 = -4*x - 1. Let i = 740 + -810. Let u be i/560 - (-169)/8. What is the highest common divisor of u and x?
21
Let g(b) = -14*b - 49. Let f(i) = -42*i - 146. Let y(m) = -4*f(m) + 11*g(m). Let l be y(-3). What is the highest common factor of l and 27?
3
Suppose 103*f - 7442 - 26568 + 329 = 0. Calculate the greatest common divisor of f and 9.
3
Suppose -5*g + 26 = -49. Suppose -21*m + g*m - 174 = 0. Let x = -23 - m. What is the highest common divisor of 10 and x?
2
Suppose 0 = -3*r + 4*c + 9, 5 + 4 = 3*r + 4*c. Suppose -r*u + 38 = -u. What is the greatest common factor of u and 513?
19
Suppose 0 = -37*q + 38*q. Let b(y) = 2*y**3 + 6*y**2 - 2*y + 793. Let j be b(q). What is the greatest common divisor of j and 61?
61
Let m = 574 + -298. Suppose b + 5*f - 120 = 0, -b - m = -3*b - f. Suppose 5*p - 30 - 304 = -l, 2*l - b = -2*p. Calculate the highest common factor of 11 and p.
11
Suppose 0*t - 3*i - 100 = -5*t, -4*t + 3*i + 80 = 0. Suppose 2*m = 54 - t. Let b = -133 - -405. What is the highest common divisor of b and m?
17
Let n = 1656 - 855. Let q = n + -717. What is the greatest common factor of 24 and q?
12
Let t = -987 - -1035. What is the highest common factor of 3200 and t?
16
Suppose 2*d - 3*s = -343, 5*s - 394 = -5*d - 1289. Let c be d/28 + 2/7. Let f be (1436/c)/(-2) - 2/(-6). What is the highest common divisor of 48 and f?
24
Let s = -49644 - -49930. Suppose 119 = w + w - 5*t, -3*w + 141 = 5*t. Calculate the greatest common factor of w and s.
26
Suppose 2160 = 12*b + 22*b - 14*b. What is the greatest common factor of 22 and b?
2
Let z(a) = 62*a - 2146. Let y be z(39). What is the greatest common divisor of y and 34?
34
Suppose 3*k = 20 + 28. Let r = k - -2. Let f be (240/(-18))/((-4)/r). What is the greatest common factor of f and 24?
12
Let c(u) = u**3 - 2*u**2 - 35*u + 1192. Let y be c(0). What is the greatest common factor of y and 40?
8
Suppose 741 = -11*m + 70. Let d = -59 - m. Calculate the highest common divisor of 2 and d.
2
Let l(u) = u**3 - 19*u**2 - 27*u + 15. Let x be l(22). What is the greatest common divisor of x and 9?
9
Let s(w) = -3*w**3. Let m be 12/36*(-1 - (1 + 1)). Let r be s(m). Suppose 47 = o + 32. Calculate the greatest common divisor of o and r.
3
Let g(l) = -3 - 2 - 22*l**2 + 12*l + 20*l**2 + 3. Let a be g(5). Suppose -3*i = -a - 7. What is the highest common divisor of 35 and i?
5
Let d = 4576 - 4570. Calculate the highest common factor of 1137 and d.
3
Suppose 9*f - 6691 = -15*f + 3293. Calculate the greatest common divisor of f and 608.
32
Suppose -4*c - 5*d = -8, -4*d - 4 + 2 = 2*c. Suppose 272 = 3*p + 5*w, 5*p = 4*w - 7*w + 480. Let j = p - 92. What is the greatest common divisor of c and j?
7
Let v(n) = -5*n - 6. Let y = -21 - -16. Let q be v(y). Suppose -2*w - 513 = -5*w. Calculate the greatest common divisor of w and q.
19
Suppose -18*q = -4*l - 16*q - 364, 3*l = -q - 263. Suppose -182 = 3*j - 4*o, 0*j - 58 = j - 4*o. Let a = j - l. What is the highest common divisor of 27 and a?
27
Let l = 17 + 1. Let t = l + -27. Let g = t + 21. What is the greatest common factor of 3 and g?
3
Let a = -14 + 54. Let q = 72 - 77. Let v be 2/q + 539/35 + -5. What is the greatest common divisor of v and a?
10
Let z = 10195 - 10012. What is the highest common divisor of 3 and z?
3
S